= a*t(l) + 2*y(l). Determine f(4).
-22
Let m(s) be the third derivative of -s**6/120 + 7*s**5/60 - s**4/3 + 5*s**3/3 + 113*s**2. Give m(6).
-2
Let b(s) be the second derivative of s**3 - 4*s**2 - 20*s. What is b(6)?
28
Let s(j) be the first derivative of j**2 + 3*j - 118. Determine s(-5).
-7
Let v(q) be the first derivative of q**3/3 + 5*q**2/2 + 4*q - 330. Calculate v(-6).
10
Let c(r) be the second derivative of -r**3/6 + 2*r**2 + r. Let v be (-10)/2*(6 + -7). Calculate c(v).
-1
Let v(q) be the second derivative of -q**4/12 - 3*q**3/2 - 2*q**2 - 2*q. Suppose -259 = -7*i - 315. Calculate v(i).
4
Let p(z) = z**2 - z + 1. Let s(i) = -2*i**2 + 12*i + 3. Let d(j) = -3*p(j) - s(j). Suppose 45 = -5*h + 3*l, 2*h - 9 = 3*h - 4*l. Determine d(h).
-6
Let y be 18/48 - (-84)/32. Let r(c) = -2*c + 4*c - y*c + 4. Give r(6).
-2
Let n(h) = -13*h + 3 + 1 - 11*h**2 + 3*h - 2*h**3 + h**3. Calculate n(-10).
4
Let j be 4 + 8/(-6)*(-21)/14. Let r(u) = 4*u - 2*u**2 + 11*u**2 - 10*u**2 + 5 - 2*u. Determine r(j).
-19
Let g(d) = -5*d**2 - 9*d - 11. Let o(u) = -13*u**2 - 27*u - 32. Let i(k) = 8*g(k) - 3*o(k). Calculate i(10).
-2
Let r(p) be the first derivative of p**3 + p**2/2 + 159. What is r(-2)?
10
Let y(w) be the second derivative of -7*w**5/20 + w**4/6 - w**3/3 + w**2/2 - w. Suppose -3*t - 2*s - 7 = 0, 28*t - 33*t + 5*s + 30 = 0. Determine y(t).
-6
Let n(r) = 10*r**2 + 12*r**2 - r + 3 + 14*r**2 - 37*r**2. Let v(c) = -c**3 - 2*c**2. Let b be v(0). Determine n(b).
3
Suppose 3*c = -2*c + 20. Suppose 16 = -c*p - 4. Let x(i) be the second derivative of i**5/20 + i**4/3 - i**3 + 3*i. Give x(p).
5
Let n(d) be the first derivative of d**2 - 4*d - 1. Calculate n(-4).
-12
Suppose -8*b - 265 = -145. Let s(g) = g - 21. Calculate s(b).
-36
Let w(u) = -u**3 - 7*u**2 + 6. Let o(g) = g**3 + 4*g**2 + 2*g + 1. Let j = -17 - -13. Let z be o(j). Calculate w(z).
6
Let k(c) = 2*c + 11. Let y be k(-8). Let i(m) be the third derivative of -m**4/6 - m**3/2 - 51*m**2. Determine i(y).
17
Suppose -v + 4*r = 6, 2*v + r + r + 2 = 0. Let w(p) = 3*p - 6*p + 4*p. Calculate w(v).
-2
Let z = 1018 - 1013. Let y(b) = -b**3 + 6*b**2 - b + 6. Determine y(z).
26
Let x(d) = 7*d**3 - 6*d**2 + 4*d + 5. Let o be 4/(-1) + 0/(-14 - -8). Let w(q) = 6*q**3 - 5*q**2 + 3*q + 4. Let s(n) = o*x(n) + 5*w(n). Give s(-1).
-2
Let j = -45 - -75. Let h(l) = 2*l + j - 30 + 3*l**2. Calculate h(-2).
8
Let a be 1/(2/(-6)) + 0. Let d(c) be the third derivative of -c**6/120 - c**5/12 - c**4/12 + c**3/2 - 16*c**2 - 7*c. Give d(a).
-9
Let c(k) = -7*k**2 - 588 + k**3 + 596 + 0*k**3. Suppose 3*h = 10 + 11. Determine c(h).
8
Let y(n) be the third derivative of n**5/60 + 5*n**4/24 - 123*n**2 - n. Give y(-6).
6
Suppose 2*r - 8 = -10. Let p be 1/(-1)*r*6. Let u(c) = -c**2 + 6*c + 1. Let y(q) = 1. Let z(v) = u(v) + 4*y(v). Give z(p).
5
Let q = -43 - -46. Let c(l) = 5*l**2 + l**q - 7*l**2 + 6 - l**2 - 3*l. What is c(4)?
10
Suppose -5*z - 5 = 0, -6 = -2*f + 3*z + 13. Suppose 2*r = -0*r + 3*i + f, 0 = 4*r + 3*i - 16. Let q(x) = -r*x + x + 2 - 4. What is q(-4)?
10
Let b be (5/3)/(10/60). Let u be 35/b - 2/(-4). Let r(g) = -4*g - 4. Determine r(u).
-20
Let f(z) = -z + 12. Let h = -44 - -50. What is f(h)?
6
Let l(x) be the first derivative of 1/4*x**4 - 1/20*x**5 + 5/6*x**3 - 3/2*x**2 - 3*x + 1. Let q(o) be the first derivative of l(o). What is q(4)?
1
Let p = 233 + -143. Let j be 6/4*(-240)/p. Let m(o) = 2*o + 2. Determine m(j).
-6
Let y(k) = -8*k - 9. Let z(o) = 15 - 27*o - 59 - 11*o. Let w(j) = -14*y(j) + 3*z(j). Calculate w(-5).
4
Let p(d) be the third derivative of d**4/4 - 58*d**2. Determine p(-1).
-6
Suppose -j + 12 = -4*z, -6*j + z + 22 = -j. Let h(i) = -7 + 4 - 1 + j*i - i. What is h(8)?
20
Let u(p) = -15*p. Suppose 6*s = 60 - 30. Suppose -9*m - s = 4. Calculate u(m).
15
Let z(a) = -5*a - 7. Let n(u) = -u - 11. Let q be n(-8). Let l be z(q). Let h(x) = -5*x**2 - x**2 + 8*x + l + 7*x**2. Give h(-7).
1
Suppose -2*k + 3*m - 118 = 183, m - 307 = 2*k. Let h = -153 - k. Let n(t) be the first derivative of -7*t**2/2 + 1. Calculate n(h).
-14
Let r(m) = -2*m - 1 - 2 - 21*m + 26*m. Let j be 21/4 - (-2)/(-8). Suppose i - j = -0*i. What is r(i)?
12
Let q(v) = 17*v**3. Let s(z) = 2*z + 2. Let d be s(-2). Let l be (d/(-4 + (2 - -4)))/1. Give q(l).
-17
Let t(p) = -p**2 - 6*p - 3. Let o = 69 + -46. Suppose 3*f + o = -4*d - 56, -10 = 2*f. Let x = 14 + d. Give t(x).
5
Let t(u) = 2*u**3 - u + 2. Let s(w) be the first derivative of -1/3*w**3 - 3 + w**4 + 4*w - w**2. Let b(k) = 3*s(k) - 5*t(k). Calculate b(2).
4
Let j be (1*-2)/(4/(-10)). Let r(c) = 2*c**3 + c - 6. Let h be r(0). Let z(u) = -4*u + 2. Let t(q) = -5*q + 2. Let a(g) = h*z(g) + j*t(g). Determine a(-5).
3
Let x(u) = -141*u - 279. Let n be x(-2). Let q(i) be the second derivative of 1/6*i**n - i - 3/2*i**2 + 0. Give q(3).
0
Let v(n) = n**2 + 8*n + 2. Let y be v(-7). Let h(g) = 3*g + 26. Let s(q) = -q - 8. Let f(r) = -2*h(r) - 7*s(r). Calculate f(y).
-1
Let r(s) = -s**3 + 6*s**2 - 10*s. Let c be (-19 + 20)*3/(-7)*-7. Give r(c).
-3
Let g = -626 + 621. Let i(k) = -k**3 - 4*k**2 + k + 4. Give i(g).
24
Suppose 7 = y - m - 3, 4*m + 32 = 3*y. Suppose 2 - 11 = -3*v. Let j(w) = 0*w + v + 5*w - y*w. Determine j(3).
-6
Let m(c) = 2*c. Suppose 3*y + 5*t = 27, -3*y + 2*t = -0*y - 6. Suppose -b + y*l = -3*b - 14, 5*b + 3*l = 0. Determine m(b).
6
Let s(m) = -6*m + 1. Suppose 52 = -5*o - 4*x + 12, 3*o - 3*x - 3 = 0. Determine s(o).
25
Let n(r) = r**3 - 6*r**2 + 6*r - 3. Let q = 37 + -32. Calculate n(q).
2
Let x(w) = w**2 + 7*w - 2. Suppose 0 = -5*z + h - 22, -5*z - 3*h = 26 + 8. What is x(z)?
-12
Let b(c) = c**2 - 2*c + 2*c + 3*c**3. Let v = -3550 - -3551. Give b(v).
4
Let k(u) = u**3 + 3*u**2 + u + 1. Let i(a) = a**3 + 6*a**2 - 8*a - 5. Let r be i(-7). Suppose r*z + 9 = 3. What is k(z)?
-2
Let s(q) = -34*q**2 + q. Let i = 264 - 265. What is s(i)?
-35
Let p(w) = w - 42. Let x be 8/84 + 36/(-378). Determine p(x).
-42
Let z(o) = 3*o**3 + 7*o**3 - 6*o**3 - 2*o**3 - 2 + 4*o**2 - o. Determine z(-3).
-17
Suppose 406 = 59*i - i. Let k(n) = n**2 - 9*n - 1. Calculate k(i).
-15
Let a(d) = 3*d**2 + 25*d + 13. Let r be (-9 - -4) + 23 + -26. Determine a(r).
5
Let o(w) = 25 - 72*w - 65*w - 62*w + 205*w. Determine o(-5).
-5
Let l = 3 - -2. Let c be 4/(-4) - (-1 + -2). Let y(r) = -r - 2*r + 5*r + 5 - c. What is y(l)?
13
Let d(v) = -4*v**2 - 6*v**2 - v**2 + 13*v**2. Calculate d(1).
2
Let p(l) = 3*l + 9. Let y(j) = -j - 13. Let w be y(-7). What is p(w)?
-9
Let s(i) = i**2 + 863*i + 864*i - 1729*i + 5. Let x(t) = -t**3 + 4*t**2 - 2*t + 2. Let m be x(3). Suppose o + 1 = m. Give s(o).
13
Suppose -3*x = 2*x. Let h(s) = x*s**2 - 7*s**2 + 6*s**2 + 4. Suppose 4*g - 14 = -2. Calculate h(g).
-5
Let v(u) be the second derivative of u + 1/3*u**3 + 3/2*u**2 + 0. Determine v(-4).
-5
Let v be (0 + (-3)/6)*0. Let w be 5 + v + 9/(-3). Suppose 0 = -w*j + 6 - 0. Let t(s) = -s**3 + 2*s**2 + 3*s + 1. Determine t(j).
1
Let d = -27 + 29. Suppose 0 = p + f - 3 + 7, 3*f + 7 = d*p. Let w(j) = -j**3 - j. What is w(p)?
2
Let k = -21 - -15. Let n(d) = -4*d + 24 + 36 + 28 + 34 - 130. Give n(k).
16
Let j(k) = -k**2 + 4*k - 6. Let t = 111 - 106. Let b be j(t). Let h(a) = a + 11. Calculate h(b).
0
Let u(j) = -j**2 + j. Let r(a) = -9*a**2 + 2*a. Let z(f) = -r(f) + 3*u(f). Let x = 514 - 515. Determine z(x).
5
Suppose 7*r - 17 + 3 = 0. Let t(l) = l. Let p(z) = -z - 1. Let n(v) = r*p(v) + t(v). What is n(-7)?
5
Suppose -20 = -0*l - 4*l. Let q(x) = 123*x + x**2 - 6 - 146*x + 20*x. Give q(l).
4
Suppose -28 = -468*g + 472*g. Let d(s) be the third derivative of -s**6/120 - 2*s**5/15 - s**4/4 + s**3/6 - 2*s**2. Give d(g).
-6
Let p(a) be the first derivative of -3/2*a**2 - 3 - a. Let h = 37 + -39. Give p(h).
5
Let d(m) = -7*m - 1. Let u be d(-2). Let y = u + -9. Suppose 1 = -y*o - k, o + k - 2*k = 6. Let f(w) = -w**2 + w + 1. Determine f(o).
1
Let h(k) be the third derivative of 5*k**4/8 + k**3/6 - 15*k**2. Calculate h(-1).
-14
Let s(f) = -4*f + f**2 + 4 - 3*f - 4. Let p(w) = w**3 + 4*w**2 - 5*w + 6. Let i be -1*8 - (-6)/2. Let q be p(i). What is s(q)?
-6
Let r be -24*(-3)/((-12)/(-2)). Let m be (-21)/(-12) + 3/r. Suppose 0*v - m*v = 6. Let k(q) = q**3 + 4*q**2 - q - 1. Give k(v).
11
Let k(b) be the second derivative of b**5/20 - b**4/3 + 2*b**3/3 - 5*b**2/2 - 9